at are the prime factors of 143324?
2, 35831
What are the prime factors of 182943?
3, 20327
List the prime factors of 1029902.
2, 419, 1229
What are the prime factors of 4052709?
3, 450301
List the prime factors of 223876.
2, 97, 577
List the prime factors of 1093645.
5, 7, 31247
List the prime factors of 138653.
61, 2273
List the prime factors of 25548806.
2, 19, 421, 1597
List the prime factors of 1870597.
1870597
What are the prime factors of 3555131?
3555131
List the prime factors of 16635648.
2, 3, 21661
What are the prime factors of 3028414?
2, 17, 89071
What are the prime factors of 8013713?
1289, 6217
List the prime factors of 17379879.
3, 11, 283, 1861
What are the prime factors of 6466057?
13, 497389
What are the prime factors of 1301881?
7, 163
List the prime factors of 631697.
11, 57427
List the prime factors of 4853626.
2, 19, 127727
List the prime factors of 176532.
2, 3, 47, 313
List the prime factors of 864553.
61, 14173
What are the prime factors of 12406805?
5, 41, 60521
List the prime factors of 1785131.
857, 2083
What are the prime factors of 1140917?
73, 15629
List the prime factors of 1932373.
17, 197, 577
List the prime factors of 928796.
2, 11, 19, 101
List the prime factors of 16488.
2, 3, 229
List the prime factors of 8740121.
13, 672317
What are the prime factors of 61716?
2, 3, 37, 139
What are the prime factors of 783670?
2, 5, 78367
What are the prime factors of 1363046?
2, 681523
List the prime factors of 863289.
3, 7, 71, 193
List the prime factors of 282250.
2, 5, 1129
What are the prime factors of 3744359?
103, 36353
What are the prime factors of 2302210?
2, 5, 230221
What are the prime factors of 25601979?
3, 13, 50497
List the prime factors of 405900.
2, 3, 5, 11, 41
What are the prime factors of 195040?
2, 5, 23, 53
What are the prime factors of 33397723?
137, 433, 563
List the prime factors of 186751.
19, 9829
What are the prime factors of 641504?
2, 20047
What are the prime factors of 361530?
2, 3, 5, 13, 103
What are the prime factors of 1969361?
29, 59, 1151
List the prime factors of 11024624.
2, 13, 53003
List the prime factors of 13653122.
2, 7, 23, 109, 389
What are the prime factors of 10104066?
2, 3, 7, 80191
What are the prime factors of 16798?
2, 37, 227
List the prime factors of 14341615.
5, 2868323
What are the prime factors of 17250648?
2, 3, 17, 42281
List the prime factors of 2802105.
3, 5, 73, 853
List the prime factors of 53556.
2, 3, 4463
What are the prime factors of 2775129?
3, 7, 103, 1283
What are the prime factors of 722759?
241, 2999
List the prime factors of 581268.
2, 3, 59, 821
List the prime factors of 191825.
5, 7673
What are the prime factors of 1862658?
2, 3, 7, 14783
List the prime factors of 1631394.
2, 3, 30211
List the prime factors of 1202966.
2, 19, 31657
What are the prime factors of 3718783?
3718783
List the prime factors of 915705.
3, 5, 7, 17, 19
List the prime factors of 11865713.
11865713
What are the prime factors of 596076?
2, 3, 13, 3821
What are the prime factors of 631793?
379, 1667
What are the prime factors of 187999?
7, 107, 251
What are the prime factors of 234797?
71, 3307
List the prime factors of 1663593.
3, 554531
List the prime factors of 136955.
5, 7, 13, 43
What are the prime factors of 19047040?
2, 5, 29761
What are the prime factors of 1980309?
3, 660103
What are the prime factors of 760889?
151, 5039
What are the prime factors of 661360?
2, 5, 7, 1181
List the prime factors of 184467.
3, 17, 3617
What are the prime factors of 256167?
3, 28463
What are the prime factors of 10395530?
2, 5, 1039553
List the prime factors of 2590853.
61, 42473
What are the prime factors of 25970880?
2, 3, 5, 13, 2081
List the prime factors of 550460.
2, 5, 17, 1619
List the prime factors of 152905.
5, 53, 577
List the prime factors of 203433.
3, 19, 43, 83
What are the prime factors of 661499?
479, 1381
What are the prime factors of 49289?
23, 2143
List the prime factors of 524946.
2, 3, 87491
What are the prime factors of 2015682?
2, 3, 31, 10837
List the prime factors of 154884.
2, 3, 12907
List the prime factors of 4321543.
43, 100501
What are the prime factors of 40807899?
3, 11, 412201
List the prime factors of 7155971.
61, 73, 1607
List the prime factors of 1333945.
5, 431, 619
What are the prime factors of 1804545?
3, 5, 13367
What are the prime factors of 15565634?
2, 7, 29, 5477
What are the prime factors of 36488?
2, 4561
List the prime factors of 3709686.
2, 3, 137, 4513
List the prime factors of 97529.
17, 5737
What are the prime factors of 18100?
2, 5, 181
List the prime factors of 4790709.
3, 7, 11, 31, 223
List the prime factors of 2902038.
2, 3, 67, 7219
What are the prime factors of 3949871?
3949871
List the prime factors of 637672.
2, 7, 59, 193
List the prime factors of 248705.
5, 49741
List the prime factors of 537505.
5, 193, 557
What are the prime factors of 4154530?
2, 5, 41, 10133
What are the prime factors of 198232?
2, 71, 349
List the prime factors of 2926971.
3, 325219
List the prime factors of 59509.
59509
List the prime factors of 36261.
3, 17, 79
What are the prime factors of 386408?
2, 11, 4391
What are the prime factors of 4240217?
4240217
What are the prime factors of 8522581?
23, 370547
What are the prime factors of 496014?
2, 3, 19, 229
List the prime factors of 4961984.
2, 31, 41, 61
List the prime factors of 291970.
2, 5, 7, 43, 97
What are the prime factors of 2136895?
5, 427379
List the prime factors of 5321078.
2, 7, 43, 8839
What are the prime factors of 1100057?
7, 29, 5419
List the prime factors of 658408.
2, 82301
What are the prime factors of 11019686?
2, 211, 26113
What are the prime factors of 12764986?
2, 13, 101, 4861
List the prime factors of 18153949.
11, 19, 86861
What are the prime factors of 6886752?
2, 3, 23, 3119
What are the prime factors of 5232210?
2, 3, 5, 174407
List the prime factors of 484677.
3, 29, 619
List the prime factors of 4447795.
5, 11, 17, 67, 71
What are the prime factors of 18136342?
2, 7, 229, 5657
What are the prime factors of 36218053?
4799, 7547
List the prime factors of 7043601.
3, 619, 3793
What are the prime factors of 4839306?
2, 3, 43, 18757
List the prime factors of 7521408.
2, 3, 6529
What are the prime factors of 488873?
7, 11, 907
What are the prime factors of 497187?
3, 55243
List the prime factors of 602512.
2, 37657
What are the prime factors of 857561?
173, 4957
List the prime factors of 2421720.
2, 3, 5, 7, 31
List the prime factors of 29991279.
3, 9997093
List the prime factors of 320756.
2, 17, 53, 89
What are the prime factors of 11301930?
2, 3, 5, 4651
What are the prime factors of 1334762?
2, 11, 13, 359
List the prime factors of 2632356.
2, 3, 73121
What are the prime factors of 2630377?
2630377
What are the prime factors of 2568371?
13, 197567
What are the prime factors of 4652558?
2, 2326279
List the prime factors of 3401375.
5, 27211
What are the prime factors of 426253?
426253
List the prime factors of 177199.
11, 89, 181
What are the prime factors of 232782?
2, 3, 11, 3527
What are the prime factors of 146201?
11, 13291
What are the prime factors of 673420?
2, 5, 11, 3061
List the prime factors of 50810.
2, 5, 5081
What are the prime factors of 186118?
2, 93059
List the prime factors of 16866.
2, 3, 937
What are the prime factors of 429489?
3, 15907
List the prime factors of 3078627.
3, 19, 54011
What are the prime factors of 926562?
2, 3, 7, 13, 1697
List the prime factors of 2823262.
2, 13, 108587
List the prime factors of 836266.
2, 19, 59, 373
List the prime factors of 1337061.
3, 11, 31, 1307
What are the prime factors of 717443?
717443
List the prime factors of 13911783.
3, 4637261
What are the prime factors of 1344471?
3, 448157
List the prime factors of 387675.
3, 5, 1723
List the prime factors of 227499.
3, 75833
List the prime factors of 226972.
2, 179, 317
List the prime factors of 331656.
2, 3, 13, 1063
What are the prime factors of 28636880?
2, 5, 311, 1151
List the prime factors of 5434611.
3, 7, 13, 17, 1171
What are the prime factors of 1661768?
2, 207721
What are the prime factors of 774323?
11, 70393
What are the prime factors of 12213659?
31, 393989
List the prime factors of 740059.
740059
What are the prime factors of 979561?
11, 89051
Li